 w(s) = s - 3. Let b be w(7). Suppose -b*n + 11 = -3*n. What is the highest common divisor of n and 11?
11
Suppose 5*f = 3*w + 1, -4*w = -9*w - f + 17. What is the highest common factor of w and 24?
3
Let d = -121 + 246. What is the greatest common factor of d and 50?
25
Let f be 3166*(-2)/(-12) - (-3)/9. Calculate the greatest common factor of f and 66.
66
Let l be (-1)/(2 + (-73)/36). Let x = 11 - 7. What is the highest common divisor of x and l?
4
Let j be 21/(-14)*24/(-9). Calculate the greatest common divisor of j and 36.
4
Let z(n) = 14*n - 5*n + 6 + 3*n**2 - n**2. Let u be z(-6). Suppose 0 = -3*j + m + 39, 0 = -5*j + j - 5*m + 33. What is the highest common divisor of u and j?
12
Let a be 1/3 - (-448)/6. Suppose 4*z - 76 = -2*r, -z + 78 = 3*r - 4*z. What is the greatest common factor of r and a?
15
Let p be ((-3)/2 - 1)*-2. Suppose -2*f + 4 = -3*j, p*j - 4*f + 10 = -0*f. What is the highest common factor of 8 and j?
2
Let p(q) = q**2 + 4*q. Let j(g) = -3*g**2 - 12*g - 1. Let u(v) = -6*j(v) - 17*p(v). Let y be u(-6). Calculate the greatest common factor of y and 18.
18
Let t be (18/15)/(2/5). Let y = 11 - t. Let o be (8/10)/(1/25). Calculate the highest common factor of o and y.
4
Suppose -5*f + 137 = -193. Suppose -3*r - 94 = -2*i, -i + 27 = 3*r - 11. Let q be i*(2 + (-2 - -1)). Calculate the greatest common factor of f and q.
22
Let y = -324 + 604. Calculate the highest common factor of y and 35.
35
Suppose 0*h - 6 = 2*h. Let f be (-6)/h - 1 - -2. What is the highest common factor of 3 and f?
3
Let x be 14 - (-1 - -3) - 2. Suppose -4*u - 69 = -309. Calculate the highest common factor of x and u.
10
Let f = 23 + 1. What is the greatest common divisor of f and 8?
8
Suppose 2*x + a + a + 10 = 0, 0 = -x + 4*a. Let r = 4 + x. Suppose 5*o + 4*n - 70 = 0, r = -n - 1 + 6. Calculate the highest common divisor of o and 25.
5
Suppose 2*b - 20 - 4 = 0. Let v(u) = -2*u - 4*u**2 - 1 - u**3 - 2 + 0 + 1. Let z be v(-4). What is the highest common divisor of b and z?
6
Let d be 1 + -2 + 2 + 23. Let j = 23 + -7. What is the greatest common divisor of d and j?
8
Let p(m) = -7*m - 3. Let i be p(-5). What is the greatest common factor of 16 and i?
16
Let d = -4 - -7. Suppose d*t + 2*x - 8 = 12, -3*t = 5*x - 32. Let g be 18 + -2*2/t. What is the greatest common divisor of g and 119?
17
Let b = 29 + -22. What is the highest common divisor of b and 56?
7
Suppose 0 = -7*p + 3*p + 3*j + 615, 0 = -3*p + 4*j + 470. What is the highest common factor of p and 60?
30
Let u be (-5 - -2)*3/(-9). Calculate the highest common divisor of 5 and u.
1
Let f(s) = -s**3 - 2*s**2 + 25*s - 2. Let v be f(4). Let p = -37 - -55. Calculate the greatest common divisor of p and v.
2
Let u = -10 + 17. Let w(b) = 6*b - 10. Let d be w(3). Let c = d + u. What is the greatest common divisor of 60 and c?
15
Let i = 3 + 3. Let d(m) = 11*m**2 - m. Let a be d(-1). What is the highest common factor of a and i?
6
Suppose 5*g = 10, -h + 0*h + 5 = 3*g. Let r = 7 - h. Suppose 480 = -68*s + 74*s. Calculate the highest common factor of s and r.
8
Let n be (-3)/(1*(1 - 2)). Suppose s = 2*m - 13, -3 - 35 = -2*m - 4*s. Calculate the highest common factor of m and n.
3
Let g = 82 + -42. What is the greatest common factor of g and 10?
10
Suppose -2*q + 2*b + 18 = 0, -8 = 2*q - 5*b - 29. Calculate the highest common divisor of q and 2.
2
Suppose -2*g - 2*g - x + 57 = 0, -2*g + 31 = x. Let i = 262 - 132. Calculate the greatest common divisor of g and i.
13
Let t = -25 - -23. Let j(b) = -b**3 + b**2 + 2*b + 1. Let a be j(t). What is the greatest common divisor of a and 63?
9
Suppose -4*m - 2*z - 14 + 78 = 0, 0 = -4*m + 5*z + 64. What is the greatest common divisor of 4 and m?
4
Let b = -5 + 11. Let o be (-2 - 1)/1 - 402. Let a be (4/10)/((-3)/o). What is the highest common divisor of a and b?
6
Let n = 0 + 18. Suppose 3*k + 0*s + 3*s = n, 5 = -s. What is the greatest common factor of 44 and k?
11
Let h(a) = -64*a**3 + 2*a**2 + 2*a + 1. Let m be h(-1). Let y be (-35)/5 + 31 - -2. What is the greatest common factor of y and m?
13
Suppose -5*b = -218 - 487. Let v = b - -8. Let h = v + -50. What is the greatest common divisor of h and 9?
9
Let b be 2*18/4 + 2. What is the greatest common factor of 33 and b?
11
Suppose 4*c - 8 = -2*x, x = 4*c + c + 39. Let b be ((-196)/35)/((-2)/20). What is the greatest common factor of b and x?
14
Suppose 8*z + 3*c - 60 = 3*z, 2*c = 3*z - 36. Let u = 49 + -25. Calculate the greatest common factor of z and u.
12
Let o(b) = -b**2 + 8*b - 7. Let q be o(4). Suppose 13 = 4*a - t, -4*a - 2*t = t - q. Calculate the highest common factor of 24 and a.
3
Let h be (6/18)/(2/324). Calculate the highest common divisor of 36 and h.
18
Let x(m) = -m + 13. Let g be x(12). What is the greatest common divisor of 11 and g?
1
Let k be (-97 - -1)*(-14)/21. What is the greatest common divisor of k and 8?
8
Suppose -107 = -5*y + 143. Calculate the highest common divisor of 125 and y.
25
Suppose 0 = 4*i - 0*i + 4. Let r be -1 + (128/(-2))/i. Let x = -1 - -10. What is the highest common divisor of r and x?
9
Suppose 3*r + 3 = -4*t + 8, -2*t = -4*r + 14. Suppose 2*j - r = j. Suppose d - j = 1. Calculate the greatest common divisor of d and 8.
4
Let a be 8/(1/((-10)/(-4))). Suppose 0*d = 2*d - 4. Suppose -4*u + 1 - 5 = 2*h, 4*h + d*u - 10 = 0. Calculate the greatest common divisor of h and a.
4
Suppose -389 = 5*m - 119. Let n be ((-9)/(-6))/((-3)/m). Calculate the highest common factor of n and 9.
9
Let d be 14*-3*(-20)/12. Let a(b) = -b**3 + b**2 + b + 14. Let z be a(0). Suppose -z = -6*h + 4*h. What is the greatest common factor of d and h?
7
Suppose 0*k + 4*k + 5*m = 443, -2*k = 4*m - 214. What is the highest common factor of k and 26?
13
Suppose -3*z = -20 - 37. Let j = z - 14. What is the highest common factor of j and 5?
5
Let d(s) = -s**2 - 6*s - 2. Let w be d(-5). Suppose 4*f + 269 = w*m, 0 + 71 = -f - 3*m. Let c = f + 124. Calculate the highest common divisor of 14 and c.
14
Let d = -71 - -98. What is the greatest common factor of 189 and d?
27
Suppose 5*b - 7*b + 260 = 0. Suppose 5*m - 255 = s, 3*m + 8*s - 3*s - 181 = 0. What is the greatest common factor of m and b?
26
Let w = -42 + 52. Calculate the highest common divisor of w and 25.
5
Suppose 5*h = 48 + 27. Suppose -u - 2*u = -3. Suppose -14 = -p + u. Calculate the highest common factor of p and h.
15
Let s(m) = -21*m**3 + 1. Let k be s(1). Let t = k - -31. Calculate the highest common factor of t and 44.
11
Let n = -91 - -139. Let z be (3 - 5/2)*n. Suppose -w + 24 = -z. Calculate the greatest common factor of w and 72.
24
Suppose -3*h + 63 = 4*i, -h + 2 + 3 = 0. Let v(u) = -u - 3. Let s be v(-5). Let f be (s/(-3))/((-1)/198). What is the greatest common factor of i and f?
12
Let l be 1*-2*295/(-10). Calculate the highest common divisor of 413 and l.
59
Let t(x) = -x - 3. Let s be t(-8). Let q be 9/4 - s/20. Let k = -9 + 27. What is the highest common factor of q and k?
2
Let b(p) = p**2 - 3*p - 4. Suppose f - 1 = 3. Let i be b(f). Suppose i = -4*x + 2*x + 84. Calculate the greatest common factor of x and 28.
14
Suppose -3*p + 12 = 0, 2*k - p - 4*p = -26. Let f be 132/16 - k/(-12). Calculate the greatest common factor of f and 8.
8
Suppose -3*g - 34 = 4*l, 3*g + 37 = 4*l + 11. Let p be 238/10 + (-2)/g. What is the highest common divisor of 16 and p?
8
Let b = 16 - 0. Calculate the greatest common factor of 2 and b.
2
Suppose 4*x + 4*n - 49 - 3 = 0, -2*x - 5*n = -11. Let j be (-2)/6 - (-82)/(-6). Let a be (-3 + 3 - j) + -2. Calculate the highest common divisor of x and a.
6
Let d(k) = -k**3 + 2*k**2 + k + 4. Let f be d(3). Let r be 1/(0 + f/(-2)). Let o be (2 - 2 - -1)/r. Calculate the greatest common factor of o and 3.
1
Suppose 4*y - 7*y = -276. What is the greatest common factor of y and 23?
23
Let s = 14 + -10. Suppose -s*v = -3*v - 10. What is the highest common factor of v and 25?
5
Suppose 0*c + 44 = 2*c. Let z(a) = 54*a**2 + a. Let f be z(1). Calculate the greatest common factor of c and f.
11
Let d = 17 - 13. Let i(p) = -p - 6. Let w be i(-6). Let r(u) = u**3 - u**2 + 12. Let n be r(w). What is the highest common divisor of d and n?
4
Let h(y) = 27*y + 3. Let p be h(1). Suppose -4*l = -59 - 1. What is the greatest common divis